{"id":19,"date":"2010-11-10T06:31:45","date_gmt":"2010-11-10T06:31:45","guid":{"rendered":"http:\/\/localhost\/?page_id=19"},"modified":"2024-08-09T06:16:44","modified_gmt":"2024-08-09T05:16:44","slug":"kontakt","status":"publish","type":"page","link":"https:\/\/www.ehlin-larsson.se\/?page_id=19","title":{"rendered":"Kontakt"},"content":{"rendered":"\n<div class=\"wp-block-columns is-layout-flex wp-container-core-columns-layout-1 wp-block-columns-is-layout-flex\">\n<div class=\"wp-block-column is-layout-flow wp-block-column-is-layout-flow\" style=\"flex-basis:100%\">\n<div class=\"wp-block-group is-layout-constrained wp-block-group-is-layout-constrained\"><div class=\"wp-block-group__inner-container\">\n<div class=\"wp-block-group is-layout-constrained wp-block-group-is-layout-constrained\"><div class=\"wp-block-group__inner-container\">\n<figure class=\"wp-block-table\"><table><tbody><tr><td><strong>Ehlin &amp; Larsson AB<\/strong><\/td><td><\/td><td><\/td><td><\/td><td><\/td><td><\/td><\/tr><tr><td>Pilgatan 21<\/td><td><\/td><td><\/td><td><\/td><td><\/td><td><\/td><td><\/td><\/tr><tr><td>721 30 V\u00e4ster\u00e5s<\/td><td><\/td><td><\/td><td><\/td><td><\/td><td><\/td><\/tr><tr><td>021-13 04 20<\/td><td><\/td><td><\/td><td><\/td><td><\/td><td><\/td><\/tr><tr><td><\/td><td><\/td><td><\/td><td><\/td><td><\/td><td><\/td><td><\/td><\/tr><tr><td><\/td><td><\/td><td><\/td><td><\/td><td><\/td><td><\/td><td><\/td><\/tr><tr><td><em>VD<\/em><\/td><td><\/td><td><\/td><td><em>F\u00f6rs\u00e4ljning\/Aff\u00e4rsutveckling<\/em><\/td><td><\/td><td><\/td><\/tr><tr><td><strong>Henric Baringson<\/strong><\/td><td><\/td><td><\/td><td><strong>Tore Ehlin<\/strong><\/td><td><\/td><td><\/td><td><\/td><\/tr><tr><td>070-551 19 73<\/td><td><\/td><td><\/td><td>070-555 56 52<\/td><td><\/td><\/tr><tr><td><a href=\"mailto:henric@ehlin-larsson.se\">henric@ehlin-larsson.se<\/a><\/td><td><\/td><td><\/td><td><a href=\"mailto:tore@ehlin-larsson.se\">tore@ehlin-larsson.se<\/a><\/td><td><\/td><\/tr><tr><td><\/td><td><\/td><td><\/td><td><\/td><td><\/td><td><\/td><td><\/td><\/tr><tr><td><\/td><td><\/td><td><\/td><td><\/td><td><\/td><td><\/td><td><\/td><\/tr><tr><td><em>Projektledare<\/em><\/td><td><\/td><td><\/td><td><em>Styrtekniker<\/em><\/td><td><\/td><td><\/td><\/tr><tr><td><strong>Peter L\u00f6fgren<\/strong><\/td><td><\/td><td><\/td><td><strong>Albin Nyman<\/strong><\/td><td><\/td><\/tr><tr><td>070-555 56 69<\/td><td><\/td><td><\/td><td>070-685 35 25<\/td><td><\/td><\/tr><tr><td><a href=\"mailto:peter@ehlin-larsson.se\">peter@ehlin-larsson.se<\/a><\/td><td><\/td><td><\/td><td><a href=\"mailto:albin@ehlin-larsson.se\">albin@ehlin-larsson.se<\/a><\/td><td><\/td><\/tr><tr><td><\/td><td><\/td><td><\/td><td><\/td><td><\/td><td><\/td><td><\/td><\/tr><tr><td><\/td><td><\/td><td><\/td><td><\/td><td><\/td><td><\/td><td><\/td><\/tr><tr><td><em>Styrtekniker<\/em><\/td><td><\/td><td><\/td><td><em>Styrtekniker<\/em><\/td><\/tr><tr><td><strong>Fredrik S\u00f6derman<\/strong><\/td><td><\/td><td><\/td><td><strong>Emilia Hedstr\u00f6m<\/strong><\/td><td><\/td><\/tr><tr><td>072-214 07 65<\/td><td><\/td><td><\/td><td>070-298 14 38<\/td><td><\/td><\/tr><tr><td><a href=\"mailto:Fredrik.S@ehlin-larsson.se\">Fredrik.S@ehlin-larsson.se<\/a><\/td><td><\/td><td><\/td><td><a href=\"mailto:Emilia@ehlin-larsson.se\">Emilia@ehlin-larsson.se<\/a><\/td><td><\/td><\/tr><tr><td><\/td><td><\/td><td><\/td><td><\/td><td><\/td><td><\/td><td><\/td><\/tr><tr><td><\/td><td><\/td><td><\/td><td><\/td><td><\/td><td><\/td><td><\/td><\/tr><tr><td><em>Styrtekniker<\/em><\/td><td><\/td><td><\/td><td><em>Styrtekniker<\/em><\/td><td><\/td><td><\/td><td><\/td><\/tr><tr><td><strong>Marcus Jonsson<\/strong><\/td><td><\/td><td><\/td><td><strong>Joakim Vidman<\/strong><\/td><td><\/td><\/tr><tr><td>070-995 56 52<\/td><td><\/td><td><\/td><td>073-841 75 52<\/td><td><\/td><\/tr><tr><td><a href=\"mailto:Marcus@ehlin-larsson.se\">Marcus@ehlin-larsson.se<\/a><\/td><td><\/td><td><\/td><td><a href=\"mailto:Joakim@ehlin-larsson.se\">Joakim@ehlin-larsson.se<\/a><\/td><td><\/td><td><\/td><\/tr><tr><td><\/td><td><\/td><td><\/td><td><\/td><td><\/td><td><\/td><td><\/td><\/tr><tr><td><\/td><td><\/td><td><\/td><td><\/td><td><\/td><td><\/td><td><\/td><\/tr><tr><td><br><em>Programmerare<\/em>\/projekt\u00f6r<\/td><td><\/td><td><\/td><td><br><em><em>Programmerare<\/em>\/projekt\u00f6r<\/em><\/td><td><\/td><\/tr><tr><td><strong>Magnus B\u00e4ckstr\u00f6m<\/strong><\/td><td><\/td><td><\/td><td><strong>Nicklas Nordh\u00e4ger<\/strong><\/td><td><\/td><\/tr><tr><td>070-555 89 28<\/td><td><\/td><td><\/td><td>073-841 76 24<\/td><td><\/td><\/tr><tr><td><a href=\"mailto:magnus@ehlin-larsson.se\">magnus@ehlin-larsson.se<\/a><\/td><td><\/td><td><\/td><td><a href=\"mailto:Nicklas@ehlin-larsson.se\">Nicklas@ehlin-larsson.se<\/a><\/td><td><\/td><\/tr><tr><td><\/td><td><\/td><td><\/td><td><\/td><td><\/td><td><\/td><td><\/td><\/tr><tr><td><\/td><td><\/td><td><\/td><td><\/td><td><\/td><td><\/td><td><\/td><\/tr><tr><td><em>Programmerare<\/em>\/<em>projekt\u00f6r<\/em><\/td><td><\/td><td><\/td><td><em>Programmerare<\/em>\/<em>projekt\u00f6r<\/em><\/td><td><\/td><\/tr><tr><td><strong>Ulf Merell<\/strong><\/td><td><\/td><td><\/td><td><strong>Sofi Merell<\/strong><\/td><td><\/td><td><\/td><td><\/td><\/tr><tr><td>070-595 85 96<\/td><td><\/td><td><\/td><td><a href=\"mailto:Sofi@ehlin-larsson.se\">Sofi@ehlin-larsson.se<\/a><\/td><td><\/td><\/tr><tr><td><a href=\"mailto:Uffe@ehlin-larsson.se\">Uffe@ehlin-larsson.se<\/a><\/td><td><\/td><td><\/td><td><\/td><td><\/td><td><\/td><td><\/td><\/tr><tr><td><\/td><td><\/td><td><\/td><td><\/td><td><\/td><td><\/td><td><\/td><\/tr><tr><td><\/td><td><\/td><td><\/td><td><\/td><td><\/td><td><\/td><\/tr><tr><td><em>Felanm\u00e4lningar<\/em><\/td><td><\/td><td><\/td><td><\/td><td><\/td><td><\/td><\/tr><tr><td><a href=\"mailto:Felanmalan@ehlin-larsson.se\">Felanmalan@ehlin-larsson.se<\/a><\/td><td><\/td><td><\/td><td><\/td><td><\/td><td><\/td><\/tr><tr><td><\/td><td><\/td><td><\/td><td><\/td><td><\/td><td><\/td><td><\/td><\/tr><tr><td><\/td><td><\/td><td><\/td><td><\/td><td><\/td><td><\/td><td><\/td><\/tr><tr><td><em>Service<\/em><\/td><td><\/td><td><\/td><td><\/td><td><\/td><td><\/td><td><\/td><\/tr><tr><td><a href=\"mailto:Service@ehlin-larsson.se\">Service@ehlin-larsson.se<\/a><\/td><td><\/td><td><\/td><td><\/td><td><\/td><td><\/td><\/tr><\/tbody><\/table><\/figure>\n<\/div><\/div>\n<\/div><\/div>\n<\/div>\n<\/div>\n","protected":false},"excerpt":{"rendered":"<p>Ehlin &amp; Larsson AB Pilgatan 21 721 30 V\u00e4ster\u00e5s 021-13 04 20 VD F\u00f6rs\u00e4ljning\/Aff\u00e4rsutveckling Henric Baringson Tore Ehlin 070-551 19 73 070-555 56 52 henric@ehlin-larsson.se tore@ehlin-larsson.se Projektledare Styrtekniker Peter L\u00f6fgren Albin Nyman 070-555 56 69 070-685 35 25 peter@ehlin-larsson.se albin@ehlin-larsson.se &hellip; <a href=\"https:\/\/www.ehlin-larsson.se\/?page_id=19\">Forts\u00e4tt l\u00e4sa <span class=\"meta-nav\">&rarr;<\/span><\/a><\/p>\n","protected":false},"author":1,"featured_media":0,"parent":0,"menu_order":0,"comment_status":"closed","ping_status":"closed","template":"","meta":{"footnotes":""},"_links":{"self":[{"href":"https:\/\/www.ehlin-larsson.se\/index.php?rest_route=\/wp\/v2\/pages\/19"}],"collection":[{"href":"https:\/\/www.ehlin-larsson.se\/index.php?rest_route=\/wp\/v2\/pages"}],"about":[{"href":"https:\/\/www.ehlin-larsson.se\/index.php?rest_route=\/wp\/v2\/types\/page"}],"author":[{"embeddable":true,"href":"https:\/\/www.ehlin-larsson.se\/index.php?rest_route=\/wp\/v2\/users\/1"}],"replies":[{"embeddable":true,"href":"https:\/\/www.ehlin-larsson.se\/index.php?rest_route=%2Fwp%2Fv2%2Fcomments&post=19"}],"version-history":[{"count":83,"href":"https:\/\/www.ehlin-larsson.se\/index.php?rest_route=\/wp\/v2\/pages\/19\/revisions"}],"predecessor-version":[{"id":905,"href":"https:\/\/www.ehlin-larsson.se\/index.php?rest_route=\/wp\/v2\/pages\/19\/revisions\/905"}],"wp:attachment":[{"href":"https:\/\/www.ehlin-larsson.se\/index.php?rest_route=%2Fwp%2Fv2%2Fmedia&parent=19"}],"curies":[{"name":"wp","href":"https:\/\/api.w.org\/{rel}","templated":true}]}}